ivided by g(45).
0
Let j(a) = -a**3 - 14*a**2 - 46*a + 69. What is the remainder when 764 is divided by j(-10)?
119
What is the remainder when 24594 is divided by (-2)/(-6) + (-19126)/(-438)?
42
Let r be 6/(-10) - (-28)/5. Suppose -r*u + 137 = -93. Let d(n) = -30*n + 393. Calculate the remainder when d(7) is divided by u.
45
Let p be (-17 + 14)*(-2)/3. Calculate the remainder when 9*(-10)/15 - -127*p is divided by 21.
17
Let x = -9368 - -9938. What is the remainder when x is divided by 16?
10
Suppose 4*t - 202 = 5*w, 5*w = -5*t + 107 + 78. What is the remainder when 544 is divided by t?
28
Calculate the remainder when 2142 is divided by (2 - 4)*((-1343)/26 - 76/(-494)).
82
Let q = 203 + -76. Suppose -2*n + 62 = j, -21*j + 111 = 3*n - 24*j. What is the remainder when q is divided by n?
28
Calculate the remainder when (-9171)/(-15) + (-792)/(-1320) is divided by 204.
0
Let z be (-2 - -2 - -4) + -1. Suppose -z*m = -5*a - 2*m + 64, 4*a - 32 = -4*m. Calculate the remainder when a is divided by -3 - -3 - (-3 - -10 - 17).
2
Let k = 6055 - 6044. What is the remainder when 7721 is divided by k?
10
Suppose -s = 18 - 20. Let u = 30 + -14. What is the remainder when 49 is divided by ((-75)/12)/(-2*s/u)?
24
What is the remainder when 38 is divided by (-123)/(-12) + -9 + 70/8?
8
Let t(j) = -9*j - 6. Suppose 2*z + 26 + 8 = 4*d, -3*d = -4*z - 63. What is the remainder when t(z) is divided by (-187)/68*(0 - 8)?
19
Let h(w) = -18*w**2 - 284*w - 5. Calculate the remainder when 836 is divided by h(-15).
16
Let x be (-49)/(-4) - 4/16. Calculate the remainder when 296/6 + x/(-36) is divided by 28.
21
Suppose 2*x - 3*x + 4*z + 120 = 0, 4*x - 378 = -z. What is the remainder when x is divided by 46?
4
Let j(r) = r**3 - 6*r**2 - 5*r + 16. Let z be j(7). Let f(o) = 10*o - 181. What is the remainder when f(z) is divided by 41?
37
Let j(i) = -i**3 + 35*i**2 - 223*i - 21. What is the remainder when 311 is divided by j(9)?
77
Suppose -v = 5*w - 9, -3*w + 4*v + 19 = 9. What is the remainder when ((-2)/(-5))/(w/355) is divided by 12?
11
Let f(s) = 2*s**2 + 37*s - 674. What is the remainder when 14498 is divided by f(13)?
143
Let f(g) = -g**3 - 3*g**2 - 6*g - 15. Let z = 19 - 20. Calculate the remainder when 72 - 2*(z - -2) is divided by f(-4).
20
Let q(i) = 14*i**3 + 10*i**2 + 34*i - 28. Calculate the remainder when q(8) is divided by 19.
15
Suppose -d + 84 = 86, 37 = 3*m + d. What is the remainder when 3351 is divided by m?
10
Suppose -7*g + 5*g = -8. Suppose -5*a = -g*a - 160. Suppose 0 = -4*v + a - 32. Calculate the remainder when 157 is divided by v.
29
Let j = -5106 + 7918. Calculate the remainder when j is divided by 97.
96
Suppose -3*u + 5*u - 6 = 0. Suppose -23 + 21 = -2*n. Suppose 117*b = 116*b + n. Calculate the remainder when u is divided by b.
0
Suppose 0 = -2*d - 2*d + 460. What is the remainder when d is divided by 2520/(-28)*3/(-9)?
25
Let h = -44 - -54. Let t(v) = -5 - 7 - h*v + 10 + v**2 + 3*v. Calculate the remainder when 15 is divided by t(8).
3
Suppose -684*v + 7488 + 364 = -3092. Calculate the remainder when -21*(7/(-3) - -1) is divided by v.
12
Suppose 0 = 142*f - 83539 - 25233. What is the remainder when 2321 is divided by f?
23
Suppose -4*u = -3*w + 103, w + 167 = 6*w - 2*u. Let j = 1582 - 1844. What is the remainder when 1834/j + (17*4 - 0) is divided by w?
28
Let r(a) = -4*a - 49 - a - 5*a. Calculate the remainder when 121 is divided by r(-8).
28
Let t = 5300 + -5270. Calculate the remainder when 933 is divided by t.
3
Let f = 974 - 777. Calculate the remainder when f is divided by 129.
68
Suppose -37895 = -131*y - 4228. What is the remainder when y is divided by 61?
13
Suppose -3*g - 2*i = 5187 + 940, 0 = 5*i - 5. Let y be (-9)/(-27)*g/3. Calculate the remainder when (-12 + 13 - 1*2)*y is divided by 38.
37
Let o(s) = 4*s**3 - 7*s**2 - 34*s + 231. What is the remainder when 688 is divided by o(4)?
210
Suppose -7*t - 167 + 1518 = 0. What is the remainder when 10805 is divided by t?
190
Let r = 481 - 801. Let m = r - -456. Calculate the remainder when m is divided by 35.
31
Suppose -5*r + 2*c + 155 = 0, 16 = 5*c - 9. Let b = -34 + r. Calculate the remainder when 118 is divided by -2 + b + (-363)/(-11).
28
Suppose 6084 + 68719 = 7*p + 24*p. Calculate the remainder when p is divided by 31.
26
Let c = 0 + 41. Let y(a) = -833*a + 5003. What is the remainder when c is divided by y(6)?
1
Suppose -6 = 8*z - 10*z. Suppose -z*g + 1232 - 194 = 0. Calculate the remainder when g is divided by 29.
27
What is the remainder when 64122 is divided by (-13 + 1)*(-374)/132?
32
Suppose 222 = m - 4*t, 176 = -4*t + 184. Let i(k) = -k**2 - 20*k - 28. What is the remainder when m is divided by i(-15)?
42
Let t = 7781 + -7664. Let x = 26 - 1. Calculate the remainder when t is divided by x.
17
Let g(u) = 30*u**2 + 17*u - 74. What is the remainder when g(4) is divided by 81?
69
Let g(d) be the third derivative of 7*d**4/24 + 7*d**3/6 + 2*d**2. Let k be g(-3). What is the remainder when 35 is divided by (114/(-19))/(4/k)?
14
Let a(b) = 19*b**2 + 62. Let l be a(-12). Suppose -l = -13*z - 419. Suppose 5*m - 46 = 4*m. What is the remainder when z is divided by m?
45
Let k = 861 - 855. Let h = 9 - 13. Calculate the remainder when ((-6)/h)/(10/60) is divided by k.
3
Suppose 0 = -39*a - 45152 + 93872 + 90744. Calculate the remainder when a is divided by 29.
9
Let q(u) = -3*u + 33. Suppose -x = -4*x. Let o = 1268 - 1203. Calculate the remainder when o is divided by q(x).
32
Let r(x) = -38*x + 6040. Calculate the remainder when 1563 is divided by r(118).
7
Calculate the remainder when 139 is divided by 60/((24 + -23)*3).
19
Let l = -12 + 30. Suppose -5*f + l = -z - 20, 2*z + 131 = -f. Let t = -56 - z. Calculate the remainder when 19 is divided by t.
5
Let i be 81/(-4) - 2/(-8). Let a = i - -31. Suppose -355 = -a*y + 6*y. What is the remainder when y is divided by 15?
11
Let o(b) = -6*b - 52. Let m be o(-12). Let f = m + -7. Calculate the remainder when 181 is divided by f.
12
Let j(g) = -g**2 + 6*g + 16. Let t be j(8). Suppose 3*y + 1 - 4 = t. Suppose 2*a = -k + 34, 2*k = a - 2*k + y. Calculate the remainder when 72 is divided by a.
12
Let c = 9309 + -5425. What is the remainder when c is divided by 21?
20
Let u(j) = -23*j**3 + 17*j**2 + 41*j + 5. Calculate the remainder when 620 is divided by u(-2).
95
Suppose -57*j = -63*j + 8388. Calculate the remainder when j is divided by 54.
48
Let k be 56/6 + (-8)/24. Let t = 71 - k. Suppose 3*p + 5*r - 32 = 20, -5*p + 4*r + t = 0. What is the remainder when 65 is divided by p?
9
Suppose 3 = -3*a - 6. Let i be (-8)/4*-3 + a. Suppose 0 = -2*n + 5*d + 32, -i*d = -2*n + 29 - 1. What is the remainder when 20 is divided by n?
9
Let z be 2 + -3 + (6 - 8)*-2. Let o(x) = 20*x**2 - 7*x + 19. Calculate the remainder when o(z) is divided by 13.
9
Let l(a) = -15*a - 105. Let j be l(-7). Let p(g) = 3*g + 10. Calculate the remainder when 6*(-1)/2*-13 is divided by p(j).
9
Let s(h) = -h**3 + 20*h**2 - 19*h + 5. Suppose 6*t = 3*d + 5*t - 47, -2*d + 27 = -5*t. Calculate the remainder when d is divided by s(19).
1
Let t = 3003 - 2872. What is the remainder when t is divided by 47?
37
Suppose 5*v = 4*v. Suppose -2*r - 4*l = l, -3*l - 12 = v. Calculate the remainder when (171/(-36))/(1/(-8)) is divided by r.
8
Let d = 3602 - 3574. Calculate the remainder when 105 is divided by d.
21
Let q be (-53 - 2)*(-8)/(-4). Let r = q + 116. Calculate the remainder when 83 is divided by r.
5
Let m be 10*146/12 - (-6)/18. Suppose -m = -4*q - 10. Calculate the remainder when 273 is divided by q.
21
Let z = 2298 - 1803. Calculate the remainder when z is divided by 4.
3
Let k = 31 - 28. Suppose -5*p - 17 = k. What is the remainder when (-1*p/(-6))/(24/(-936)) is divided by 14?
12
Suppose 0 = -3*a + 2*a + 4. Suppose -5*w + 50 = -3*q, -a*q = -w + 2*w - 33. Calculate the remainder when 47 is divided by w.
8
Let q = 381 - 591. Let a be q/(-63)*(-3)/(-5). Calculate the remainder when (17 + 65)/(a*1) is divided by 7.
6
Let d = 783 - 1332. Let z = d + 599. What is the remainder when 499 is divided by z?
49
Let c(i) = 2*i + 29. Let w(u) = -5*u - 86. Let h(j) = 17*c(j) + 6*w(j). Let l(d) = -2*d + 26. Let y be l(8). What is the remainder when 32 is divided by h(y)?
15
Suppose 3*i + r - 13